uppose 0 = 413*a - 410*a - 138. What is the highest common factor of a and 115?
23
Let x(p) = p**2 + 7*p + 3. Let l be x(-5). Let c = 11 - l. Suppose o = -o + c. Calculate the highest common factor of o and 36.
9
Suppose 26*m - 1074 = 1656. What is the greatest common factor of m and 35?
35
Let j be -6*((-539)/66 + 6). What is the greatest common factor of j and 1261?
13
Suppose 23 + 19 = 7*j. Suppose j*t - 50 = 46. Calculate the greatest common divisor of t and 40.
8
Let n be (6438/145)/(1/15). What is the highest common divisor of 54 and n?
18
Let t be (-2)/3*-9033 + (-85)/(-17). Calculate the greatest common factor of t and 123.
123
Let q = -793 - -803. Calculate the greatest common divisor of q and 130.
10
Suppose 352*l - 2709 = 309*l. Calculate the greatest common divisor of l and 81.
9
Let a be ((-1320)/(-90))/(2/3). Calculate the greatest common factor of a and 242.
22
Suppose 0 = r - 3*h - 85, 4*r = -2*h + 3*h + 296. Let f = 32 + r. What is the greatest common divisor of 15 and f?
15
Let d = 247 - 178. Calculate the greatest common divisor of 3 and d.
3
Suppose 7*j = 2*q + 10*j - 138, -236 = -4*q + 4*j. What is the greatest common divisor of q and 9?
9
Let h(c) = 4*c**2 - 4*c - 15. Let i be h(8). Calculate the greatest common factor of 11 and i.
11
Suppose 3*i - 45 = 5*p, 0 = -2*i + 5*i - 3*p - 39. Let c be (0/(1 + 3))/(4 - 3). Suppose -b = -c*b - 15. What is the greatest common factor of i and b?
5
Suppose -5*t + 4*u = -64, -t - 4 + 13 = 3*u. Let y = 26 - t. Suppose 2*w + 2*l = y, 2*w + 5*l = -0*w - 1. What is the greatest common factor of w and 108?
12
Suppose 37*u - 47*u = -12920. Calculate the highest common divisor of u and 76.
76
Let r be ((-4)/(-2))/((-4)/6). Let a be (-3 + 17)*(r - -5). What is the greatest common divisor of 4 and a?
4
Suppose -12*a - 528 = -552. What is the greatest common divisor of a and 34?
2
Let h = 21 + -18. Suppose 27 = 4*s - h*k - 5, -s + k = -7. What is the highest common factor of s and 55?
11
Let r(x) = -2*x**2 + 5*x. Suppose 4*a - 11*a + 14 = 0. Let c be r(a). What is the greatest common factor of c and 18?
2
Suppose -4*m = -3*o + 161, 5*m = -3*o + 8*o - 265. What is the greatest common factor of o and 17?
17
Let z = 173 + -151. Calculate the highest common factor of z and 1056.
22
Suppose 20*i - 3803 = 357. What is the greatest common factor of i and 128?
16
Let r(g) = g**2 + 3*g + 3. Let k be r(-3). Suppose -k*w - w + 56 = 0. What is the highest common divisor of 35 and w?
7
Suppose 5*x - 3*o = 15, -o = 2*x + 4*o + 25. Suppose x = -5*m + 405 - 90. Calculate the greatest common divisor of m and 42.
21
Suppose 3703 = 46*d - 1449. Calculate the highest common divisor of 14 and d.
14
Let o = -305 - -316. What is the greatest common factor of 44 and o?
11
Suppose -202*i = -200*i - 4*u - 40, u = 3*i - 35. Calculate the greatest common factor of i and 1160.
10
Let p = -6 + 10. Suppose 0 = 3*a - 8*a - p*j + 3, 4*j = -a + 7. Let n be -4 + 4 - 5*a. Calculate the highest common factor of 40 and n.
5
Let r(d) = -d + 17. Let q = 27 - 34. Let l be r(q). Calculate the highest common factor of 168 and l.
24
Let s be (54/15)/(7 + (-207)/30). Suppose -3 = 3*p + 2*j - 24, -33 = -3*p + 2*j. What is the highest common divisor of p and s?
9
Let h(n) = n**2 + 6*n - 9. Let o be (1 + 0)/((-7)/56). Let v be h(o). Let d be (3 - v - 30)*-4. What is the highest common divisor of 17 and d?
17
Let f = -2 + 5. Let s be (5/(-2))/(f/(-6)). Suppose 0 = -3*r + 5*p - 9, -4*r = -3*p - 1 + 2. Calculate the greatest common factor of s and r.
1
Let y = -65 + 50. Let c(v) = -5*v - 48. Let s be c(y). What is the greatest common divisor of 45 and s?
9
Let f(w) = -6*w + 177. Let t be f(-8). Calculate the highest common divisor of t and 375.
75
Let l(y) = -3*y - 14. Let d(u) = -u + 1. Let a(h) = 4*d(h) + l(h). Let c be (-7)/(-14) + 9/(-2). Let m be a(c). What is the highest common divisor of 18 and m?
18
Let a(u) = u**3 + 6*u**2 + 3*u - 5. Let z be a(-3). Calculate the highest common factor of z and 221.
13
Let b = -16 + 22. Suppose -b*a = -a. Let o(p) = p**2 - p + 12. Let j be o(a). Calculate the highest common factor of 4 and j.
4
Suppose -8746 = 20*w - 2766. Let s = -114 - w. What is the highest common divisor of 74 and s?
37
Let o(z) = z**3 - 7*z**2 + 6*z - 22. Let k be o(7). What is the highest common divisor of k and 6?
2
Suppose 4*s - 5*h - 62 = 0, 2*h - 4*h = -4. What is the greatest common factor of 4 and s?
2
Let k(l) = 11*l - 64. Let m be k(11). Calculate the greatest common divisor of 228 and m.
57
Let f be ((-56)/5)/((-3)/300). Suppose -14*w + 7*w + f = 0. Suppose -3*d - 88 = -5*n, 3*n + 6*d = 4*d + 68. What is the greatest common divisor of w and n?
20
Suppose 10*n - 153 = 207. Calculate the highest common divisor of 90 and n.
18
Suppose -3*m + 5*m = 18. Let i be 158 + 0 - 4*1/1. Let n = i + -136. What is the greatest common divisor of n and m?
9
Let v = 194 + -148. Suppose -v - 69 = -5*y. Calculate the highest common divisor of y and 115.
23
Suppose -5*n + 4*n + 3*j = -14, -5*n = 4*j + 25. Let y be n/(-3) + 40/6. Suppose -4*m - 483 = -y*m. What is the greatest common divisor of 23 and m?
23
Let l be 2/2*(6 - 3). Suppose -l*y = y. Suppose 5*f - 40 = -y*f. Calculate the greatest common factor of 64 and f.
8
Suppose 2*i + 120 = 5*s - 3*i, s - 4*i = 12. Let z be 4/7 + 68/s. Suppose -5*r + z*u + 69 = 5, -13 = -2*r - 3*u. What is the greatest common factor of 22 and r?
11
Let r(b) = 2*b + 20. Let l be r(-10). Suppose -5*x + 20 = -l*x. Let g(a) = -7*a - 1. Let q be g(-1). Calculate the greatest common divisor of x and q.
2
Let n(s) = s**3 - 9*s**2 + 23*s - 87. Let f be n(8). Calculate the greatest common factor of f and 22.
11
Let h(g) = -2*g**2 + 27*g + 36. Let t be h(13). What is the greatest common divisor of 343 and t?
49
Suppose -3*f - 4*p = -85, -4*f + 18*p + 106 = 16*p. Let b be (12/(-14))/(2/(-14)). Let m be b/33 + 62/22. What is the greatest common factor of f and m?
3
Let b be -57*(338/(-390) + (-2)/(-10)). What is the greatest common factor of 247 and b?
19
Let y(m) = 21 - 17*m + 10*m + 0. Let z(c) = -6*c + 21. Let a(f) = -5*y(f) + 6*z(f). Let l be a(0). Calculate the highest common factor of 14 and l.
7
Suppose 2*n - 14 = -0. Suppose -n*q + 520 = 6*q. What is the highest common divisor of q and 40?
40
Let t = 55 - -35. What is the highest common divisor of 20 and t?
10
Let u = -1086 + 1104. What is the greatest common divisor of 5 and u?
1
Let q be 6/12*(57 - -1)*13. What is the highest common divisor of q and 13?
13
Let u(c) = -1 - 3*c + 9 + 5 + 4*c. Let q be u(-8). Suppose 0 = -4*a - 0*a - q*g + 40, 0 = 4*a + 3*g - 40. Calculate the highest common factor of 110 and a.
10
Let z(a) = -337*a**3 - 2*a**2 - 3*a - 2. Let h be z(-1). What is the greatest common divisor of 63 and h?
21
Let w = -7 - -13. Let s(i) = i**2 - 3*i + 4. Let m be s(1). Suppose m*t + p = 114 - 26, -4*p - 110 = -3*t. Calculate the greatest common factor of w and t.
6
Let q be (-51)/2*(-12)/18. Suppose -s - q = -143. Let h be 11/(-44) + (-57)/(-4). Calculate the highest common divisor of s and h.
14
Let l(f) = -f**3 - 4*f**2 - 2*f - 3. Let r be l(-4). Suppose -r*h - 144 + 354 = 0. What is the greatest common factor of 28 and h?
14
Let r(f) = -8*f + 4. Let z be r(-6). Let o = -23 - -26. Suppose -t = o*t - z. Calculate the greatest common factor of 52 and t.
13
Suppose 3*s - 2*g = 33, 4*s - 22 = 2*s + 5*g. What is the greatest common divisor of s and 2?
1
Let y be -5*(-786)/12 - 2/4. What is the greatest common factor of y and 3?
3
Let i = 18883 - 18873. Let h(t) = 2*t**2 + 2*t. Let q be h(4). Calculate the highest common factor of q and i.
10
Let l = -1 + 7. Suppose -3*g = 34 - 79. What is the highest common factor of g and l?
3
Let y = 3275 - 3183. What is the highest common factor of y and 2162?
46
Let j = -65 + 26. Let h = 41 + j. What is the highest common divisor of h and 2?
2
Let v(b) = -23*b**2 + 2*b - 1. Let o be v(1). Let t be -2*4/8 + o. Let m = 41 - t. Calculate the highest common factor of 8 and m.
8
Let b be (0 + 0)/1 - -4. Suppose -5*d = q - 25, -q + 25 = -b*d + 2*d. What is the highest common divisor of q and 75?
25
Let i = -744 - -876. Calculate the greatest common divisor of 24 and i.
12
Let k = -13 - -13. Suppose -34*a + 39*a - 130 = 